3, 11, 37, 383
What are the prime factors of 60196?
2, 101, 149
What are the prime factors of 379810?
2, 5, 19, 1999
What are the prime factors of 29021444?
2, 349, 20789
List the prime factors of 34543061.
7, 43, 114761
List the prime factors of 93688.
2, 7, 239
List the prime factors of 412867.
7, 13, 349
List the prime factors of 12038213.
11, 941, 1163
List the prime factors of 458157.
3, 7, 21817
List the prime factors of 299789.
7, 113, 379
List the prime factors of 286012.
2, 71503
What are the prime factors of 70842?
2, 3, 11807
What are the prime factors of 1789819?
19, 94201
What are the prime factors of 715762?
2, 167, 2143
What are the prime factors of 381945?
3, 5, 25463
List the prime factors of 1166156.
2, 291539
List the prime factors of 3450502.
2, 11, 156841
List the prime factors of 1102743.
3, 122527
List the prime factors of 2230280.
2, 5, 13, 4289
List the prime factors of 1849249.
179, 10331
What are the prime factors of 14107919?
7, 2015417
List the prime factors of 21545565.
3, 5, 89, 16139
List the prime factors of 954333.
3, 107, 991
What are the prime factors of 256360?
2, 5, 13, 17, 29
List the prime factors of 1047449.
13, 197, 409
List the prime factors of 248731.
7, 35533
What are the prime factors of 2586877?
53, 48809
What are the prime factors of 3740405?
5, 853, 877
What are the prime factors of 2445028?
2, 611257
What are the prime factors of 105445?
5, 21089
List the prime factors of 2918895.
3, 5, 7, 27799
List the prime factors of 271963.
31, 283
What are the prime factors of 17041494?
2, 3, 2840249
What are the prime factors of 1806283?
487, 3709
What are the prime factors of 468390?
2, 3, 5, 13, 1201
List the prime factors of 2914290.
2, 3, 5, 32381
List the prime factors of 526550.
2, 5, 10531
List the prime factors of 146286.
2, 3, 7, 43
What are the prime factors of 3534423?
3, 1178141
What are the prime factors of 1558928?
2, 7, 31, 449
What are the prime factors of 18867?
3, 19, 331
List the prime factors of 679737.
3, 31, 7309
List the prime factors of 5580720.
2, 3, 5, 23, 337
What are the prime factors of 1928311?
7, 11, 79, 317
What are the prime factors of 79009?
7, 11287
What are the prime factors of 17885835?
3, 5, 11, 23, 1571
What are the prime factors of 101901?
3, 33967
List the prime factors of 54542.
2, 27271
List the prime factors of 2758482.
2, 3, 23, 2221
List the prime factors of 1405047.
3, 7, 23, 2909
What are the prime factors of 1604119?
11, 145829
What are the prime factors of 1226491?
7, 83, 2111
What are the prime factors of 401059?
389, 1031
List the prime factors of 29457.
3, 1091
What are the prime factors of 12920959?
61, 191, 1109
List the prime factors of 763121.
43, 17747
List the prime factors of 60150.
2, 3, 5, 401
What are the prime factors of 14322678?
2, 3, 61, 39133
List the prime factors of 3953177.
59, 67003
List the prime factors of 320931.
3, 13, 211
What are the prime factors of 147609?
3, 7, 11, 71
List the prime factors of 17478941.
17, 43, 23911
List the prime factors of 147423.
3, 157, 313
List the prime factors of 7046517.
3, 17, 31, 4457
List the prime factors of 641741.
29, 22129
What are the prime factors of 172672?
2, 19, 71
List the prime factors of 62701.
62701
What are the prime factors of 755006?
2, 7, 199, 271
What are the prime factors of 31307910?
2, 3, 5, 1043597
What are the prime factors of 98191?
149, 659
List the prime factors of 3201114.
2, 3, 7, 199, 383
List the prime factors of 239623.
239623
What are the prime factors of 206234?
2, 7, 14731
List the prime factors of 1751329.
167, 10487
What are the prime factors of 1284321?
3, 107, 4001
List the prime factors of 6789749.
17, 347, 1151
List the prime factors of 2656908.
2, 3, 73, 337
List the prime factors of 1819913.
1819913
List the prime factors of 4397382.
2, 3, 11, 673
List the prime factors of 18131953.
7, 2590279
List the prime factors of 122905.
5, 47, 523
List the prime factors of 26147828.
2, 7, 933851
List the prime factors of 6851731.
17, 403043
What are the prime factors of 803907?
3, 13, 6871
What are the prime factors of 4141360?
2, 5, 51767
List the prime factors of 2134868.
2, 491, 1087
What are the prime factors of 1300974?
2, 3, 216829
List the prime factors of 3167017.
7, 64633
What are the prime factors of 508952?
2, 113, 563
What are the prime factors of 1107557?
11, 107, 941
What are the prime factors of 4547942?
2, 7, 17, 97, 197
List the prime factors of 1243214.
2, 7, 88801
List the prime factors of 7316164.
2, 1829041
What are the prime factors of 1785332?
2, 446333
List the prime factors of 512653.
601, 853
List the prime factors of 2437392.
2, 3, 17, 29, 103
List the prime factors of 2244530.
2, 5, 389, 577
List the prime factors of 341310.
2, 3, 5, 31, 367
What are the prime factors of 289730?
2, 5, 7, 4139
List the prime factors of 4337697.
3, 7, 13, 15889
List the prime factors of 1547446.
2, 773723
List the prime factors of 499107.
3, 7, 23767
What are the prime factors of 103775?
5, 7, 593
List the prime factors of 520055.
5, 47, 2213
What are the prime factors of 17594487?
3, 1954943
What are the prime factors of 59491?
41, 1451
What are the prime factors of 382487?
7, 101, 541
List the prime factors of 448792.
2, 56099
List the prime factors of 6416752.
2, 17, 31, 761
List the prime factors of 38909.
13, 41, 73
List the prime factors of 167726.
2, 13, 6451
List the prime factors of 297049.
297049
List the prime factors of 6375519.
3, 67, 97, 109
What are the prime factors of 40929?
3, 7, 1949
What are the prime factors of 2908523?
59, 49297
What are the prime factors of 766747?
199, 3853
List the prime factors of 95310.
2, 3, 5, 353
List the prime factors of 6810059.
41, 166099
List the prime factors of 248338.
2, 227, 547
What are the prime factors of 29718528?
2, 3, 7, 691
What are the prime factors of 29609709?
3, 9869903
List the prime factors of 11734566.
2, 3, 1955761
What are the prime factors of 10032078?
2, 3, 7, 238859
List the prime factors of 946983.
3, 479, 659
List the prime factors of 5114393.
5114393
List the prime factors of 1837841.
47, 39103
What are the prime factors of 124606?
2, 62303
List the prime factors of 474438.
2, 3, 107, 739
What are the prime factors of 37321?
37321
List the prime factors of 127930.
2, 5, 11, 1163
List the prime factors of 16066836.
2, 3, 17, 2917
List the prime factors of 1127547.
3, 41761
List the prime factors of 821837.
79, 101, 103
List the prime factors of 321237.
3, 7, 5099
List the prime factors of 3216860.
2, 5, 41, 3923
List the prime factors of 17139.
3, 29, 197
List the prime factors of 251126.
2, 307, 409
What are the prime factors of 3505462?
2, 19, 29, 3181
List the prime factors of 7464641.
107, 69763
What are the prime factors of 3141484?
2, 439, 1789
What are the prime factors of 501755?
5, 17, 5903
List the prime factors of 169637.
13, 13049
What are the prime factors of 237535?
5, 47507
What are the prime factors of 643556?
2, 349, 461
List the prime factors of 268428.
2, 3, 22369
List the prime factors of 4358180.
2, 5, 217909
What are the prime factors of 744329?
37, 20117
What are the prime factors of 99275?
5, 11, 19
List the prime factors of 480567.
3, 19, 8431
What are the prime factors of 648843?
3, 13, 127, 131
What are the prime factors of 97959?
3, 32653
List the prime factors of 411876.
2, 3, 17, 673
List the prime factors of 139543.
47, 2969
What are the prime factors of 2142567?
3, 7, 71, 479
List the prime factors of 85282.
2, 42641
List the prime factors of 921503.
11, 83773
List the prime factors of 7083611.
17, 41, 10163
What are the prime factors of 1400202?
2, 3, 107, 727
What are the prime factors of 185807?
71, 2617
List the prime factors of 339172.
2, 84793
List the prime factors of 402226.
2, 11, 47, 389
List the prime factors of 385995.
3, 5, 25733
What are the prime factors of 320692?
2, 80173
List the prime factors of 884126.
2, 89, 4967
List the prime factors of 519160.
2, 5, 12979
List the prime factors of 5985080.
2, 5, 149627
List the prime factors of 3124349.
257, 12157
What are the prime factors of 196957?
89, 2213
What are the prime factors of 248073?
3, 7, 11813
List the prime factors of 2014988.
2, 19, 26513
List the prime factors of 610989